{"id":1302,"date":"2021-09-06T16:20:59","date_gmt":"2021-09-06T16:20:59","guid":{"rendered":"http:\/\/acquadesign.es\/sciencexpression\/?page_id=3"},"modified":"2021-09-06T16:20:59","modified_gmt":"2021-09-06T16:20:59","slug":"politica-privacidad-2","status":"publish","type":"page","link":"https:\/\/sciencexpression.com\/index.php\/politica-privacidad-2\/","title":{"rendered":"Pol\u00edtica de privacidad"},"content":{"rendered":"\n<div class=\"wp-block-ugb-container ugb-container ugb-65f07f7 ugb-container--v2 ugb-container--design-plain ugb-main-block\"><style>@media screen and (min-width:768px){.ugb-65f07f7-content-wrapper.ugb-container__content-wrapper{width:60% !important}}<\/style><div class=\"ugb-inner-block\"><div class=\"ugb-block-content\"><div class=\"ugb-container__wrapper ugb-65f07f7-wrapper\"><div class=\"ugb-container__side\"><div class=\"ugb-container__content-wrapper ugb-65f07f7-content-wrapper\">\n<div class=\"wp-block-ugb-heading ugb-heading ugb-32fcbba ugb-main-block\"><style>.ugb-32fcbba .ugb-heading__title{text-align:center}.ugb-32fcbba .ugb-inner-block{text-align:center}<\/style><div class=\"ugb-inner-block\"><div class=\"ugb-block-content\"><h1 class=\"ugb-heading__title\">Pol\u00edtica de privacidad<\/h1><\/div><\/div><\/div>\n\n\n\n<h2 class=\"has-neve-link-color-color has-text-color wp-block-heading\">INFORMACI\u00d3N AL USUARIO<\/h2>\n\n\n\n<p>La presente Pol\u00edtica de Privacidad ha sido desarrollada en base a las disposiciones contenidas en el Reglamento (UE) 2016\/679 (RGPD) y la Ley Org\u00e1nica 3\/2018, de 5 de diciembre (LOPDGDD).<\/p>\n\n\n\n<p>Esta Pol\u00edtica de Privacidad tiene por objeto poner en conocimiento de los titulares de los datos personales, respecto de los cuales se est\u00e1 recabando informaci\u00f3n, los aspectos espec\u00edficos relativos su tratamiento, por ello le facilitamos la siguiente informaci\u00f3n:<\/p>\n\n\n\n<p>El responsable del tratamiento de sus datos es Grupo CellCOM, Hospital Teresa Herrera, 1\u00aa Planta. Xubias de Arriba, n\u00ba84, 15006 (A Coru\u00f1a) Tlf: 981 178 150 Ext. 292488 \/\/Correo electr\u00f3nico: Ma.Dolores.Mayan.Santos@sergas.es<\/p>\n\n\n\n<p>Sus datos se tratan para:<\/p>\n\n\n\n<p>\u2022 dar respuesta a las consultas o cualquier tipo de petici\u00f3n que sea realizada por el Usuario a trav\u00e9s de cualquiera de las formas de contacto que se ponen a su disposici\u00f3n en la p\u00e1gina web<\/p>\n\n\n\n<p>\u2022 Tramitar solicitudes de inscripci\u00f3n en alguno de los eventos recogidos.<\/p>\n\n\n\n<p>\u2022 la gesti\u00f3n de las credenciales de acceso a \u00e1reas privadas<\/p>\n\n\n\n<p>El tratamiento de sus datos est\u00e1 legitimado, de acuerdo con lo dispuesto en el art\u00edculo 6 del RGPD, por:<\/p>\n\n\n\n<p>\u2022 El inter\u00e9s leg\u00edtimo del Responsable para tratar los datos de contacto proporcionados para dar respuesta a consultas y peticiones y tambi\u00e9n para realizar an\u00e1lisis estad\u00edsticos, etc.<\/p>\n\n\n\n<p>\u2022 El cumplimiento de una obligaci\u00f3n legal vinculadas a las obligaciones precontractuales y contractuales<\/p>\n\n\n\n<p>\u2022 El consentimiento del usuario para el tratamiento de datos obtenidos de cookies o para cualquier otra finalidad que el Responsable le indique y solicite su consentimiento expreso.<\/p>\n\n\n\n<p>Sus datos se conservar\u00e1n durante no m\u00e1s tiempo del necesario para cumplir con el fin del tratamiento o existan prescripciones legales que dictaminen su custodia. Cuando ya no sean necesarios, se suprimir\u00e1n con medidas de seguridad adecuadas para garantizar su anonimizaci\u00f3n o destrucci\u00f3n.<\/p>\n\n\n\n<p>No est\u00e1 prevista ninguna comunicaci\u00f3n de datos personales a terceros.<\/p>\n\n\n\n<p>Como interesado tiene derecho de acceso, rectificaci\u00f3n, portabilidad y supresi\u00f3n de sus datos, y de limitaci\u00f3n u oposici\u00f3n a su tratamiento que el usuario puede ejercitar en la direcci\u00f3n de contacto arriba indicada. Tambi\u00e9n tiene derecho a presentar una reclamaci\u00f3n ante la autoridad de control (www.aepd.es), , si considera que el tratamiento no se ajusta a la normativa vigente.<\/p>\n\n\n\n<h2 class=\"has-neve-link-color-color has-text-color wp-block-heading\">CAR\u00c1CTER OBLIGATORIO O FACULTATIVO DE LA INFORMACI\u00d3N FACILITADA POR EL USUARIO<\/h2>\n\n\n\n<p>El Usuario garantiza que los datos personales facilitados al Responsable son veraces y se compromete a comunicar cualquier modificaci\u00f3n de los mismos.<\/p>\n\n\n\n<p>El Responsable informa de que aquellos datos solicitados a trav\u00e9s del sitio web que est\u00e9n marcados con un asterisco (*) se consideran necesarios para la prestaci\u00f3n de un servicio \u00f3ptimo al Usuario. En caso de que no se faciliten todos los datos, no se garantiza que la informaci\u00f3n y servicios facilitados sean completamente ajustados a sus necesidades. Todos los dem\u00e1s datos solicitados tienen car\u00e1cter voluntario.<\/p>\n\n\n\n<h2 class=\"has-neve-link-color-color has-text-color wp-block-heading\">MEDIDAS DE SEGURIDAD<\/h2>\n\n\n\n<p>El Responsable garantiza que ha implementado pol\u00edticas t\u00e9cnicas y organizativas apropiadas para aplicar las medidas de seguridad que establecen el RGPD y la LOPDGDD con el fin de proteger los derechos y libertades de los Usuarios y les ha comunicado la informaci\u00f3n adecuada para que puedan ejercerlos.<\/p>\n\n\n\n<p>El Responsable est\u00e1 cumpliendo con las disposiciones de las normativas RGPD y LOPDGDD para el tratamiento de los datos personales de su responsabilidad, y particularmente con los principios descritos en el art\u00edculo 5 del RGPD, por los cuales son tratados de manera l\u00edcita, leal y transparente en relaci\u00f3n con el interesado y adecuados, pertinentes y limitados a lo necesario en relaci\u00f3n con los fines para los que son tratados.<\/p>\n\n\n\n<p>Para m\u00e1s informaci\u00f3n sobre las garant\u00edas de privacidad, puedes dirigirte al Responsable a trav\u00e9s de las direcciones de contacto arriba indicadas.<\/p>\n\n\n\n<p><\/p>\n<\/div><\/div><\/div><\/div><\/div><\/div>\n\n\n\n<p><\/p>\n","protected":false},"excerpt":{"rendered":"<p>Pol\u00edtica de privacidad INFORMACI\u00d3N AL USUARIO La presente Pol\u00edtica de Privacidad ha sido desarrollada en base a las disposiciones contenidas en el Reglamento (UE) 2016\/679 (RGPD) y la Ley Org\u00e1nica 3\/2018, de 5 de diciembre (LOPDGDD). Esta Pol\u00edtica de Privacidad tiene por objeto poner en conocimiento de los titulares de los datos personales, respecto de&hellip;&nbsp;<a href=\"https:\/\/sciencexpression.com\/index.php\/politica-privacidad-2\/\" rel=\"bookmark\">Read More &raquo;<span class=\"screen-reader-text\">Pol\u00edtica de privacidad<\/span><\/a><\/p>\n","protected":false},"author":1,"featured_media":0,"parent":0,"menu_order":0,"comment_status":"closed","ping_status":"open","template":"page-templates\/template-pagebuilder-full-width.php","meta":{"qubely_global_settings":"","qubely_interactions":"","_eb_attr":"","neve_meta_sidebar":"","neve_meta_container":"","neve_meta_enable_content_width":"","neve_meta_content_width":0,"neve_meta_title_alignment":"","neve_meta_author_avatar":"","neve_post_elements_order":"","neve_meta_disable_header":"","neve_meta_disable_footer":"","neve_meta_disable_title":"","pgc_sgb_lightbox_settings":"","footnotes":""},"class_list":["post-1302","page","type-page","status-publish","hentry"],"featured_image_urls_v2":{"full":"","thumbnail":"","medium":"","medium_large":"","large":"","1536x1536":"","2048x2048":"","qubely_landscape":"","qubely_portrait":"","qubely_thumbnail":"","neve-blog":"","awb_sm":"","awb_md":"","awb_lg":"","awb_xl":""},"post_excerpt_stackable_v2":"<p>Pol\u00edtica de privacidad INFORMACI\u00d3N AL USUARIO La presente Pol\u00edtica de Privacidad ha sido desarrollada en base a las disposiciones contenidas en el Reglamento (UE) 2016\/679 (RGPD) y la Ley Org\u00e1nica 3\/2018, de 5 de diciembre (LOPDGDD). Esta Pol\u00edtica de Privacidad tiene por objeto poner en conocimiento de los titulares de los datos personales, respecto de los cuales se est\u00e1 recabando informaci\u00f3n, los aspectos espec\u00edficos relativos su tratamiento, por ello le facilitamos la siguiente informaci\u00f3n: El responsable del tratamiento de sus datos es Grupo CellCOM, Hospital Teresa Herrera, 1\u00aa Planta. Xubias de Arriba, n\u00ba84, 15006 (A Coru\u00f1a) Tlf: 981 178 150&hellip;<\/p>\n","category_list_v2":"","author_info_v2":{"name":"juan","url":"https:\/\/sciencexpression.com\/index.php\/author\/juan\/"},"comments_num_v2":"0 comments","_links":{"self":[{"href":"https:\/\/sciencexpression.com\/index.php\/wp-json\/wp\/v2\/pages\/1302","targetHints":{"allow":["GET"]}}],"collection":[{"href":"https:\/\/sciencexpression.com\/index.php\/wp-json\/wp\/v2\/pages"}],"about":[{"href":"https:\/\/sciencexpression.com\/index.php\/wp-json\/wp\/v2\/types\/page"}],"author":[{"embeddable":true,"href":"https:\/\/sciencexpression.com\/index.php\/wp-json\/wp\/v2\/users\/1"}],"replies":[{"embeddable":true,"href":"https:\/\/sciencexpression.com\/index.php\/wp-json\/wp\/v2\/comments?post=1302"}],"version-history":[{"count":0,"href":"https:\/\/sciencexpression.com\/index.php\/wp-json\/wp\/v2\/pages\/1302\/revisions"}],"wp:attachment":[{"href":"https:\/\/sciencexpression.com\/index.php\/wp-json\/wp\/v2\/media?parent=1302"}],"curies":[{"name":"wp","href":"https:\/\/api.w.org\/{rel}","templated":true}]}}